0111010111010011
Convert 638f9d (base 16) to base 8.
30707635
What is -241300 (base 8) in base 13?
-2b7b9
Convert 121012110200 (base 3) to base 16.
4ddc3
-1011001010001011101001 (base 2) to base 6
-142411001
Convert -152050 (base 6) to base 10.
-14718
Convert -54032604 (base 7) to base 9.
-8575180
Convert 405335 (base 6) to base 16.
7e3b
What is 2021101202002 (base 3) in base 11?
755a62
Convert -26c8c (base 13) to base 12.
-35b14
What is -2b08a5 (base 12) in base 9?
-1327268
2300733 (base 9) to base 2
100101110111000110010
Convert 5b779 (base 14) to base 12.
a9593
Convert -3100334 (base 5) to base 9.
-75640
1065c2a (base 13) to base 9
10377086
Convert 256003 (base 12) to base 16.
95583
Convert -110124331 (base 5) to base 7.
-4012045
What is 825a0 (base 16) in base 7?
4352422
Convert 231223213 (base 4) to base 9.
314601
What is -277a220 (base 12) in base 11?
-449a838
What is 32387 (base 14) in base 5?
12341233
Convert -703618 (base 9) to base 15.
-83408
-102011140 (base 5) to base 4
-1213030032
1c14c (base 15) to base 16
1651e
Convert 32231101 (base 5) to base 4.
1002313231
Convert 40306464 (base 7) to base 2.
1100110001000111001101
1971551 (base 11) to base 5
1322403444
-42250051 (base 6) to base 9
-2282234
Convert -244549 (base 11) to base 10.
-386648
What is 100020022112222 (base 3) in base 6?
253102555
Convert 106420 (base 14) to base 7.
4501240
What is 119c813 (base 14) in base 4?
200032122001
Convert 151838 (base 11) to base 16.
39c34
Convert 1001010111101001011000 (base 2) to base 8.
11275130
Convert 211656062 (base 7) to base 3.
212200102101122
What is 634585 (base 9) in base 3?
201011122212
What is -f307 (base 16) in base 5?
-3442330
What is 195029 (base 10) in base 9?
326468
Convert b044 (base 16) to base 4.
23001010
-90d87 (base 14) to base 15
-6d376
Convert 245521 (base 6) to base 10.
22009
Convert -1001111001111110000 (base 2) to base 11.
-201964
Convert -57107 (base 15) to base 16.
-439f6
What is -263185 (base 10) in base 9?
-441017
-52133553 (base 6) to base 13
-409350
What is 289860 (base 14) in base 8?
5300454
37d38 (base 16) to base 15
47b44
What is -5330302 (base 6) in base 7?
-2133533
Convert -ac10 (base 15) to base 2.
-1000111001110001
-4d9cc (base 16) to base 13
-b190b
Convert -1513051 (base 6) to base 13.
-30aa8
138730 (base 10) to base 15
2b18a
Convert -68a691 (base 12) to base 15.
-231ddd
Convert -4571427 (base 8) to base 9.
-2302475
-3721580 (base 10) to base 14
-6cc392
-4a3527 (base 11) to base 6
-25013401
-465304 (base 7) to base 4
-110120230
24653 (base 8) to base 13
4b17
What is 1154630 (base 8) in base 15?
6429d
Convert 101102201211 (base 3) to base 4.
302021020
What is 2197653 (base 12) in base 11?
3695860
Convert 2c65b (base 14) to base 16.
1b1a9
5363135 (base 7) to base 6
22004332
11102222122200 (base 3) to base 11
1373428
Convert -455354 (base 10) to base 13.
-12c353
Convert 654036 (base 7) to base 11.
78920
Convert 100023232 (base 4) to base 10.
66286
-1013063 (base 8) to base 15
-54552
Convert 192969 (base 10) to base 16.
2f1c9
-623851 (base 9) to base 16
-5a679
Convert -1000121 (base 6) to base 13.
-18349
90082 (base 15) to base 8
1572103
Convert 1371040 (base 10) to base 16.
14eba0
Convert -4c360f (base 16) to base 11.
-2901553
-3132131 (base 7) to base 14
-9b918
What is 256690 (base 10) in base 13?
8cab5
2210111022101 (base 3) to base 5
340022203
Convert 1192396 (base 13) to base 2.
10100110101000011001111
What is 18035d (base 14) in base 7?
10121646
What is 2141155 (base 7) in base 12?
107851
What is -3303211332 (base 4) in base 11?
-6216a3
Convert -9754b3 (base 13) to base 7.
-42126453
Convert 44225462 (base 7) to base 4.
32200333103
7426d (base 14) to base 4
1010130321
Convert 100011001001010100 (base 2) to base 5.
14101311
What is -22233023101 (base 4) in base 5?
-1210032143
Convert -157850 (base 9) to base 16.
-17d72
Convert -30311103113 (base 4) to base 15.
-466b55
Convert 20333346 (base 7) to base 15.
23a6d0
426674 (base 11) to base 10
682279
What is -113330110002 (base 4) in base 3?
-102210212112120
-1024002330 (base 5) to base 13
-5b0946
What is 135556 (base 9) in base 8?
241621
What is 1613806 (base 9) in base 4?
3122202201
-68bb63 (base 16) to base 3
-110220201020200
Convert -a17d (base 15) to base 12.
-17891
What is -57593d (base 15) in base 3?
-21211212110011
What is -2963c (base 14) in base 4?
-121011212
-22102323 (base 7) to base 11
-1088590
Convert 220130443 (base 5) to base 15.
139468
What is -2313044304 (base 5) in base 7?
-62152303
What is -1513387 (base 9) in base 3?
-1120110102221
Convert 1645563 (base 7) to base 3.
102200122020
Convert 20743403 (base 8) to base 4.
100330130003
Convert 2cfa (base 16) to base 9.
16713
What is 61584 (base 10) in base 16?
f090
What is -599614 (base 10) in base 15?
-bc9e4
Convert -432424003 (base 6) to base 12.
-26a8003
Convert 425112 (base 6) to base 16.
8804
What is -164237 (base 9) in base 6?
-2102011
Convert -101011100010111110100011 (base 2) to base 14.
-173221d
Convert 234017 (base 8) to base 14.
21183
11101000000011110110100 (base 2) to base 16
7407b4
Convert 1971082 (base 13) to base 9.
16667361
What is -2023024 (base 7) in base 8?
-726773
Convert 26bab (base 14) to base 8.
272563
What is 1090b (base 12) in base 10?
22043
-134003 (base 6) to base 7
-51351
What is -122214420 (base 5) in base 9?
-1082267
Convert -378a96 (base 14) to base 15.
-279d03
-cc1d (base 16) to base 5
-3133003
Convert -21003322010 (base 4) to base 12.
-966718
60600512 (base 7) to base 6
300024122
What is 2b9830 (base 14) in base 13?
414bb7
-201010111001210 (base 3) to base 8
-46617301
What is 22322331223 (base 4) in base 8?
12727553
What is 1113100033 (base 4) in base 16?
5740f
Convert -2140651 (base 9) to base 16.
-118723
Convert 331003313 (base 5) to base 12.
587139
619c71 (base 15) to base 10
4640056
What is 231331205 (base 7) in base 12?
48b7812
a45c8 (base 15) to base 12
21165b
Convert -1315825 (base 9) to base 2.
-10101111101001101001
What is -306a61 (base 16) in base 13?
-8712bc
Convert -738277 (base 11) to base 9.
-2201665
560cf (base 16) to base 15
6e678
What is -21058e (base 16) in base 9?
-4057536
-6b4b9 (base 13) to base 15
-3d2ab
Convert 2176872 (base 10) to base 11.
1257575
Convert 1b735 (base 15) to base 7.
521366
381426 (base 12) to base 15
131063
Convert -151534 (base 9) to base 8.
-265533
Convert -3d78ea (base 15) to base 9.
-5513854
-24221 (base 13) to base 14
-1a21d
6060103 (base 8) to base 15
218507
Convert 3534002 (base 8) to base 16.
eb802
10110011101011010 (base 2) to base 14
25750
Convert 414164 (base 7) to base 8.
212670
35553024 (base 8) to base 5
3443204202
What is -2231203121 (base 5) in base 13?
-1041551
What is 1f7d53 (base 16) in base 14?
3ba111
Convert 55421 (base 8) to base 13.
a7c4
258980 (base 10) to base 4
333032210
Convert -d2e5 (base 16) to base 6.
-1053541
What is -320202203302 (base 4) in base 2?
-111000100010100011110010
Convert -1111011101011100000 (base 2) to base 9.
-851820
Convert 4264564 (base 9) to base 12.
923327
What is 276977 (base 12) in base 13?
19bc28
16514210 (base 7) to base 13
448217
-11001101011110011100111 (base 2) to base 5
-3210424111
Convert 12b781 (base 13) to base 15.
8e730
2212222201120 (base 3) to base 7
16022301
b26ab (base 15) to base 10
565136
What is -708197 (base 12) in base 14?
-339c9d
-21212101012 (base 3) to base 14
-405cb
-10001120200 (base 3) to base 14
-17d21
Convert 104140304 (base 5) to base 7.
3620460
-76076 (base 14) to base 4
-1011230220
What is 1b362a (base 12) in base 3?
220112120021
What is 14466a (base 12) in base 4?
1102322302
-784142 (base 11) to base 2
-100110001001010111000
What is 54541153 (base 7) in base 10?
4682380
Convert 2851292 (base 11) to base 15.
66db3e
What is -231020031303 (base 4) in base 10?
-11830131
Convert 24006063 (base 8) to base 3.
100212112011102
Convert 470372 (base 9) to base 5.
33014211
32001551 (base 6) to base 16
e3eab
22e31d (base 15) to base 8
6271561
Convert -101130033 (base 4) to base 7.
-415164
-179651c (base 13) to base 3
-112111001020122
Convert 1010100001100000000 (base 2) to base 16.
54300
149694 (base 11) to base 6
4552011
Convert -1123430202 (base 5) to base 2.
-1001110001010100010110
Convert 3220101032 (base 4) to base 8.
3502116
What is 2375e (